 a factor of 3778578780?
True
Does 11 divide 198066284?
False
Does 2996 divide 99832028?
False
Does 15 divide 470947845?
True
Does 29 divide 52021621?
True
Is 12258048 a multiple of 22?
True
Is 566 a factor of 1009055448?
False
Does 4 divide 129893443?
False
Is 586 a factor of 42499250?
False
Is 1074858004 a multiple of 1834?
False
Is 1263136380 a multiple of 374?
True
Is 1184279359 a multiple of 156?
False
Is 2047 a factor of 136559251?
False
Is 188353632 a multiple of 4?
True
Is 3357231856 a multiple of 16?
True
Is 244 a factor of 274611996?
True
Does 251 divide 158594791?
False
Is 2100696 a multiple of 2?
True
Does 11 divide 118139568?
False
Is 27 a factor of 116190747?
True
Is 42593985 a multiple of 1323?
True
Does 22 divide 258908606?
True
Is 587061810 a multiple of 1026?
True
Is 286 a factor of 6669483106?
True
Is 92 a factor of 2205974?
False
Is 203941865 a multiple of 1063?
True
Does 428 divide 158265084?
False
Is 247152470 a multiple of 4?
False
Is 5517 a factor of 1173681063?
True
Is 1724236860 a multiple of 230?
True
Is 271 a factor of 82743617?
True
Is 82620872 a multiple of 369?
False
Does 1395 divide 636838019?
False
Does 851 divide 566189873?
True
Does 10 divide 2004216867?
False
Is 81 a factor of 227541523?
False
Is 7011 a factor of 58997565?
True
Does 7 divide 10955113?
False
Is 89 a factor of 148506646?
True
Does 43 divide 1150375398?
False
Is 15 a factor of 32126744?
False
Does 86 divide 184307429?
False
Does 48 divide 31494190?
False
Is 22849152 a multiple of 192?
True
Does 31 divide 22133371?
False
Does 2021 divide 815651370?
False
Is 29650510 a multiple of 1013?
True
Is 46 a factor of 59133230?
True
Does 976 divide 38971680?
True
Is 168 a factor of 44894907?
False
Is 936695418 a multiple of 8?
False
Is 55838698 a multiple of 608?
False
Does 13 divide 13042330?
False
Is 2571 a factor of 124634367?
True
Is 51 a factor of 38661927?
True
Is 531 a factor of 12385186?
False
Does 332 divide 1368560108?
True
Does 14 divide 167863813?
False
Does 1421 divide 844159118?
False
Is 33 a factor of 17935698?
True
Is 17 a factor of 98382644?
False
Does 2477 divide 480004488?
False
Is 9410337 a multiple of 527?
False
Is 20638106 a multiple of 28?
False
Is 89111185 a multiple of 118?
False
Does 241 divide 32077823?
True
Is 1776796 a multiple of 92?
True
Is 508 a factor of 228073634?
False
Is 16 a factor of 176817584?
True
Is 122581873 a multiple of 14?
False
Does 859 divide 660593334?
True
Does 212 divide 9243412?
True
Does 1972 divide 1427337302?
False
Does 532 divide 25749332?
True
Is 597810791 a multiple of 32?
False
Is 6021049 even?
False
Is 1545 a factor of 23412930?
True
Is 15 a factor of 148858637?
False
Does 43 divide 6363798?
False
Is 9 a factor of 216687159?
True
Is 13 a factor of 28388385?
False
Is 7232434 a multiple of 11?
True
Is 105 a factor of 133634940?
False
Is 101127670 a multiple of 490?
True
Is 65137311 a multiple of 2?
False
Is 183945701 a multiple of 5651?
True
Does 323 divide 70732780?
False
Is 9671101 a multiple of 21?
False
Is 12474594 a multiple of 33?
True
Does 70 divide 1283993?
False
Does 6 divide 15355405?
False
Is 603589910 a multiple of 3768?
False
Does 15 divide 26262680?
False
Is 6095742252 a multiple of 33?
False
Does 47 divide 224267329?
False
Is 451612527 a multiple of 312?
False
Does 2858 divide 1155432240?
True
Does 2450 divide 337747200?
True
Is 570111975 a multiple of 695?
True
Does 33 divide 53569626?
True
Is 455 a factor of 101723895?
True
Does 3 divide 860325908?
False
Is 3 a factor of 25654205?
False
Does 28 divide 3661700?
True
Is 152047499 a multiple of 1168?
False
Is 4812 a factor of 281423222?
False
Is 3 a factor of 45210870?
True
Does 238 divide 28481698?
True
Is 972 a factor of 512045712?
True
Is 202414835 a multiple of 23?
True
Is 3738634 a multiple of 179?
False
Is 40097075 a multiple of 25?
True
Is 234422184 a multiple of 44?
False
Does 188 divide 126160751?
False
Is 22705066 a multiple of 1672?
False
Is 55007953 a multiple of 1001?
True
Is 18 a factor of 3271420?
False
Does 1068 divide 52035096?
True
Does 410 divide 36055810?
True
Is 342833712 a multiple of 222?
True
Does 115 divide 1558924130?
True
Is 26076521 a multiple of 29?
False
Is 5156 a factor of 138912952?
True
Is 60 a factor of 26868120?
True
Is 222 a factor of 42986970?
True
Does 429 divide 30564050?
False
Is 894 a factor of 13269722?
False
Is 567 a factor of 173090925?
True
Is 334 a factor of 3117622388?
False
Does 69 divide 809334672?
True
Does 30 divide 91841423?
False
Is 89768976 a multiple of 411?
True
Is 1223 a factor of 21453866?
True
Does 34 divide 486963708?
True
Is 3152988 a multiple of 12?
True
Does 46 divide 2153873?
False
Is 765 a factor of 203917617?
False
Is 349293473 a multiple of 779?
True
Is 15 a factor of 503371109?
False
Does 706 divide 19270976?
True
Is 30 a factor of 1023756690?
True
Is 6172296 a multiple of 930?
False
Is 266 a factor of 699386408?
False
Is 6538438 a multiple of 34?
True
Is 280145240 a multiple of 36?
False
Does 25 divide 1596175?
True
Is 64639862 a multiple of 161?
False
Is 254 a factor of 36660074?
True
Is 47 a factor of 31508750?
False
Is 143514712 a multiple of 88?
True
Is 249273178 a multiple of 22?
True
Is 42638312 a multiple of 17?
True
Is 7 a factor of 238579593?
True
Does 983 divide 457838626?
False
Is 128839541 a multiple of 56?
False
Does 154 divide 111904100?
True
Does 2814 divide 4692325?
False
Is 2 a factor of 21901756?
True
Does 7 divide 1579074?
True
Does 1143 divide 4209464403?
True
Does 5 divide 180459476?
False
Is 119914258 a multiple of 147?
False
Is 557 a factor of 36282791?
False
Is 1404916438 a multiple of 13?
False
Is 55338171 a multiple of 21?
True
Is 33 a factor of 28536396?
False
Is 32601616 a multiple of 139?
True
Is 38 a factor of 21131648?
True
Is 88 a factor of 140370940?
False
Is 5 a factor of 40669160?
True
Does 228 divide 8475900?
True
Is 12 a factor of 121310784?
True
Is 300931680 a multiple of 7?
True
Does 5 divide 12089710?
True
Does 16 divide 695768032?
True
Is 1591699 a multiple of 888?
False
Is 700558 a multiple of 238?
False
Does 107 divide 3774753?
False
Is 3744837 a multiple of 2?
False
Is 1206879560 a multiple of 888?
False
Is 1332113442 a multiple of 202?
True
Is 28636034 a multiple of 103?
False
Is 7810579 a multiple of 161?
False
Is 10 a factor of 3475990?
True
Is 7 a factor of 402401069?
True
Does 12 divide 864240360?
True
Does 683 divide 241982802?
True
Is 999592091 a multiple of 47?
False
Does 181 divide 3407371517?
True
Does 49 divide 917776301?
False
Does 57 divide 39696738?
True
Is 5413419983 a multiple of 1693?
True
Does 3 divide 13700667?
True
Does 4 divide 10945244?
True
Is 1177144260 a multiple of 3026?
True
Is 24 a factor of 27770088?
True
Is 6645969 a multiple of 1879?
False
Is 45 a factor of 193632930?
True
Does 3242 divide 419751466?
True
Does 2836 divide 1677294082?
False
Is 558386824 a multiple of 142?
False
Is 25 a factor of 11567618?
False
Does 906 divide 768616924?
False
Does 71 divide 2244219406?
False
Is 5425421 a multiple of 35?
False
Is 6125 a factor of 1856628375?
True
Is 362348190 a multiple of 86?
False
Is 169 a factor of 269589138?
True
Is 36 a factor of 226538100?
True
Does 19 divide 95452804?
False
Is 19 a factor of 22570043?
True
Is 55 a factor of 545869658?
False
Is 224998544 a multiple of 6?
False
Is 377 a factor of 51116386?
False
Is 6145568 a multiple of 272?
True
Is 155 a factor of 13909855?
True
Does 209 divide 1375699864?
True
Is 27 a factor of 574852355?
False
Is 27267972 a multiple of 93?
True
Is 12 a factor of 27222344?
False
Is 6 a factor of 11077064?
False
Does 1874 divide 108452128?
True
Does 9 divide 170195274?
True
Does 421 divide 1686848486?
True
Does 10 divide 992480910?
True
Is 486480573 a multiple of 92?
False
Does 36 divide 299813724?
True
Is 3698058 a multiple of 42?
True
Is 124689627 a multiple of 760?
False
Is 988 a factor of 8815815?
False
Is 22350068 a multiple of 12?
False
Is 1602 a factor of 426244599?
False
Does 814 divide 753491310?
True
Does 4 divide 19619429?
False
Does 50 divide 650493200?
True
Is 347 a factor of 46010585?
False
Does 9 divide 1637948254?
False
Does 29 divide 646942643?
True
Is 827553672 a multiple of 11?
True
Is 104478498 a multiple of 27?
True
Is 891 a facto